uppose -48 - 36 = -x*r. Calculate the greatest common factor of r and 70.
14
Let x be 134/4 + (-12)/8. Let t = x + -24. Calculate the highest common divisor of 56 and t.
8
Let x(t) = -t**2 - 11*t - 6. Let c be x(-9). Let y(s) = 0*s - 3*s - c + 0*s**2 + 5 + 2*s**2. Let h be y(5). What is the highest common factor of 70 and h?
14
Suppose 96 = 6*w - 0*w. What is the greatest common divisor of 40 and w?
8
Suppose 4*k = -2*i + 8, 2*i + 11 = 3*k - 2. Let u(v) = -3*v - 2. Let t be u(i). What is the highest common factor of t and 4?
4
Suppose t + 5 = 10. Let z be 16/t + 2/(-10). Let n be 83/z - (-10)/(-15). What is the greatest common divisor of n and 3?
3
Let b be (3/6)/(3/150). Let z = 0 + b. What is the highest common divisor of 5 and z?
5
Let j be (-1)/((2/(-17))/2). Suppose g + 178 = 2*g. Suppose -2*u + g = 2*t, 4*u = -0*u + 4*t + 324. What is the greatest common factor of u and j?
17
Suppose -48 = 5*i - 2*i + 3*v, 25 = -2*i + 5*v. Let d be (-6 - -1)*57/i. Calculate the highest common factor of 209 and d.
19
Let r(i) = i**2 + i - 2. Let l be (0 - 3/3)*3. Let u be r(l). Let h be (-1524)/(-10) - u/10. What is the highest common factor of 19 and h?
19
Let i be (-18)/(-27) + 44/(-3). Let v be (-950)/i + 6/42. What is the greatest common factor of 102 and v?
34
Let t(y) = 5*y + 15. Let z be t(22). What is the highest common factor of 50 and z?
25
Let a be ((-14)/21)/(2/(-9)). Let f be a + 6 + 3 + -3. What is the highest common divisor of f and 9?
9
Let d(o) = -51*o**2 - o + 1. Let v be d(1). Let i = 96 + v. What is the highest common divisor of i and 30?
15
Let i = -2 - -2. Let r be (6 + 1 - i) + -1. Let l = 87 + -39. Calculate the highest common factor of r and l.
6
Let j be 8/(-6) - (-20)/(-30). Let w be 379/3 + j/6. Calculate the greatest common divisor of 14 and w.
14
Let m(d) = -30*d - 12. Let h be m(-2). What is the highest common factor of h and 6?
6
Let m(y) = y**3 - 5*y**2 - 6*y + 4. Let c be m(6). Calculate the highest common factor of c and 16.
4
Let x be (-4)/6 - (-7)/(-3). Let d = 9 - x. Calculate the greatest common divisor of 24 and d.
12
Let d = 13 + -9. Suppose d*n - 10 = 6. Suppose -14 = -l - 5*z, -n*l - l = 2*z - 70. What is the greatest common factor of l and 2?
2
Let w = -174 - -431. Suppose -5*j + 2*z + w = 0, 2*j - 4*z = 80 + 26. Suppose -2*k - j + 261 = 0. Calculate the highest common divisor of k and 15.
15
Let j be ((-6)/4)/((-2)/4). Let h = 0 - j. Let w be (4/(-3))/(h/243). What is the greatest common factor of 12 and w?
12
Let j = -365 + 549. What is the greatest common factor of j and 8?
8
Suppose l - 11 = 2*c - 3*c, -3*l = 2*c - 38. Suppose 0 = -3*b + 4*b - 2. What is the highest common divisor of l and b?
2
Let i(b) = 14*b**2 + b + 4. Let z be i(4). Suppose 892 - z = 5*h. Calculate the highest common factor of h and 22.
22
Let p = -14 + 21. Let d be (-12)/p*308/(-4). What is the greatest common divisor of d and 12?
12
Let x = -10 - -6. Let b be x/(-10) - 26/(-10). Calculate the highest common divisor of b and 24.
3
Suppose -21 = -3*u - 15. Calculate the highest common divisor of u and 2.
2
Suppose 228 = -h + 5*h - 5*n, -5*n = 20. Suppose 0*u - 25 = -r + 3*u, r + 7 = -5*u. Calculate the highest common factor of r and h.
13
Let p = 7 - 6. Let q = p + 0. Calculate the highest common divisor of q and 1.
1
Let w be 365/25 - 2/(-5). Suppose 3*t + 4*y - 21 = 14, 0 = -3*t + 4*y - 5. Calculate the highest common divisor of t and w.
5
Let s(h) = h**2 - 3*h + 20. Let a be s(-5). Let o = a - 40. Suppose 17 - 41 = -3*q. What is the greatest common factor of q and o?
4
Suppose 3*o = x - 11, -x - 1 + 0 = 3*o. Calculate the greatest common divisor of x and 45.
5
Let p(o) = -o**3 + o**2 + 4. Let j = 5 - 3. Suppose -j*m = 2*m. Let s be p(m). Calculate the greatest common factor of s and 4.
4
Let h be 6/18 + -2 + 51/9. What is the greatest common factor of 4 and h?
4
Let y = -19 - -7. Let n(f) = -f**3 - 13*f**2 - 12*f + 16. Let v be n(y). Calculate the greatest common factor of v and 4.
4
Let g(p) = p + 1. Let j(t) = t**3 - t**2 + 4. Let v be j(0). Let s be g(v). Let d = 0 + s. What is the greatest common divisor of 25 and d?
5
Let j be (84/(-35))/((-1)/30). Calculate the greatest common factor of 9 and j.
9
Let r(i) = i**3 + 3*i**2 - 4*i - 2. Let j be r(-3). Let f be (-8)/(-5) - (-4)/10. What is the highest common divisor of j and f?
2
Suppose -3*s = -2 - 43. Calculate the highest common divisor of 10 and s.
5
Suppose 2*v - 5*v + 15 = 0. Let b(i) = -i**3 - 8*i**2 - 14*i - 9. Let q be b(-7). What is the highest common divisor of q and v?
5
Suppose 0 = -q - 8*q + 216. What is the greatest common factor of 8 and q?
8
Suppose -5*g = -2*g - 210. Calculate the greatest common factor of 56 and g.
14
Suppose 6*u + m = u + 33, 0 = 4*u + 4*m - 20. What is the highest common factor of 21 and u?
7
Let m = 34 + -6. What is the greatest common divisor of 364 and m?
28
Suppose 3*y + 6 = -2*m - 3, -6 = -3*y + 3*m. Let a = 0 - y. What is the greatest common divisor of 8 and a?
1
Suppose 44 + 11 = j. Suppose 74 + 24 = -2*q. Let z = -27 - q. What is the greatest common divisor of z and j?
11
Suppose -4*n - a + 3*a + 570 = 0, -3*a = 15. Let b = 4 + n. Suppose -j + 3*j - 32 = 0. What is the greatest common divisor of b and j?
16
Let z be (-59 - 5) + 0 + 0. Let a = -15 - z. Calculate the greatest common divisor of 7 and a.
7
Let l be (-3)/6*-3*28/21. Calculate the highest common factor of 12 and l.
2
Let p = 3 + -7. Let z be (p/6)/(10/(-375)). Suppose -w - 5*r + z = 0, 85 = 3*w - r - 38. What is the highest common divisor of 5 and w?
5
Suppose 6 = -4*u + 34. Calculate the highest common divisor of u and 28.
7
Suppose 0 = -7*n + 2*n + 100. Calculate the highest common divisor of n and 10.
10
Let c = 159 - 133. What is the highest common divisor of c and 52?
26
Suppose -6 = -j - 4*y, -4*j - 2*y + 58 = -3*y. Suppose k - 78 = 5*d, 0 = -k - 2*d - 2*d + 114. What is the greatest common factor of k and j?
14
Let o be 13 + 1/((-14)/6 + 2). Calculate the greatest common divisor of o and 4.
2
Suppose -10 = 3*d - 28. Let o = 45 - 22. Suppose -5*m = -0*z + z - 31, -z - o = -4*m. What is the highest common factor of m and d?
6
Let f = -13 - -21. Let q(h) = h**3 - 8*h**2 - h + 9. Let m be q(f). Calculate the highest common factor of 5 and m.
1
Let v(z) = 4 - 14*z + 58*z - 3 + 0. Let b be v(1). Calculate the greatest common factor of 5 and b.
5
Let y be ((-6)/4)/(-3)*2. Let s = y - 5. Let f be 18/(-5)*10/s. Calculate the highest common divisor of f and 63.
9
Suppose 66 = -393*r + 404*r. Let d be 110/6 - (-1)/(-3). Calculate the highest common divisor of d and r.
6
Let h be (-1 + (-1)/5)/((-6)/200). What is the greatest common factor of 5 and h?
5
Let g be 6/5*(-160)/(-6). Suppose -4*f = 4*r + 4 + 36, 5*f = -5. Let v be (-18)/15*60/r. What is the greatest common factor of v and g?
8
Let g be (-6)/8 + 312/32. Calculate the greatest common divisor of 27 and g.
9
Let g be (-18)/(-30) + 444/10. Let c(j) = j**3 - j**2 + 4*j - 3. Suppose -4*t + 5 = -3. Let f be c(t). What is the greatest common factor of g and f?
9
Suppose -t + 95 = -2*z - 0*z, 4*t - 4*z - 368 = 0. Let a = t + -57. Calculate the highest common divisor of a and 4.
4
Let j(b) = b**3 + 16*b**2 + 16*b + 20. Let n be j(-15). Let t = -61 - -116. What is the greatest common divisor of t and n?
5
Let n be 2/(-6) + 16/(-24). Let q(l) = l**2 - l - 1. Let t be q(n). Calculate the highest common divisor of 8 and t.
1
Suppose 0 = -5*w + 7 + 13. What is the highest common divisor of 16 and w?
4
Let b(r) = -8*r - 4. Let q be b(-9). Suppose 3*w + w - q = 0. Calculate the highest common divisor of 85 and w.
17
Let f = 34 + 8. What is the greatest common divisor of f and 70?
14
Let o(c) = -1 + 0*c - 6*c + 0*c. Let x be o(-1). Let v(n) = n**3 + 7*n**2 - 3*n - 5. Let z be v(-4). What is the highest common divisor of z and x?
5
Let o(u) = -u**3 - 27*u**2 - 27*u - 16. Let m be o(-26). Suppose 2*l - 4*l - 60 = -3*y, 5*y - 3*l - 100 = 0. Calculate the greatest common divisor of y and m.
10
Suppose -5*g = 15, -3*g = k - 5*k + 21. Let w(a) = -4*a - 9. Let j be w(-6). Let z = -9 + j. Calculate the greatest common factor of k and z.
3
Let q be (-18)/(-72) + (-83)/(-4). What is the greatest common divisor of 189 and q?
21
Let n = -40 + 88